{"id":11,"date":"2024-12-26T13:40:39","date_gmt":"2024-12-26T12:40:39","guid":{"rendered":"https:\/\/mentoroadconsulting.com\/?page_id=11"},"modified":"2025-01-22T13:30:08","modified_gmt":"2025-01-22T12:30:08","slug":"a-propos","status":"publish","type":"page","link":"https:\/\/mentoroadconsulting.com\/?page_id=11","title":{"rendered":"A propos"},"content":{"rendered":"\t\t<div data-elementor-type=\"wp-page\" data-elementor-id=\"11\" class=\"elementor elementor-11\">\n\t\t\t\t<div class=\"elementor-element elementor-element-1e45b2cb e-flex e-con-boxed e-con e-parent\" data-id=\"1e45b2cb\" data-element_type=\"container\" data-e-type=\"container\">\n\t\t\t\t\t<div class=\"e-con-inner\">\n\t\t\t\t<div class=\"elementor-element elementor-element-68904c26 elementor-widget elementor-widget-text-editor\" data-id=\"68904c26\" data-element_type=\"widget\" data-e-type=\"widget\" data-widget_type=\"text-editor.default\">\n\t\t\t\t<div class=\"elementor-widget-container\">\n\t\t\t\t\t\t\t\t\t<div class=\"wp-block-cover alignfull\" style=\"min-height: 350px;\">\n<p><img decoding=\"async\" class=\"wp-block-cover__image-background wp-image-2786\" style=\"object-position: 50% 55%;\" src=\"https:\/\/tyler.com\/wp-content\/uploads\/2023\/11\/pexels-tima-miroshnichenko-5686082-scaled.jpg\" alt=\"\" data-object-fit=\"cover\" data-object-position=\"50% 55%\" \/><\/p>\n<div class=\"wp-block-cover__inner-container\">\n<p><\/p>\n<div class=\"wp-block-spacer\" style=\"height: 100px;\" aria-hidden=\"true\">\u00a0<\/div>\n<p><\/p>\n<p class=\"has-text-align-center has-text-color has-link-color has-inter-font-family wp-elements-3e192eb1b76f478be77803d2f6045ed6\" style=\"color: #ffffff; font-size: 54px; font-style: normal; font-weight: 400;\">\u00a0<\/p>\n<h3 class=\"wp-block-heading has-text-align-center has-text-color\" style=\"line-height: 1.2; font-size: clamp(1.696rem, 1.2582rem + 2.189vw, 2.9rem); max-width: 1200px; font-family: 'Playfair Display'; margin-block: 0px; font-style: normal; color: #1f1f1f; margin-bottom: 0rem; margin-left: auto !important; margin-right: auto !important; text-align: center;\" data-oa-prompt=\"Please create the first headline for the about page. This will be the first thing any new visitor will see. It should be no more than two words.\"><span style=\"color: #ffffff;\">Votre Partenaire<\/span><\/h3>\n<\/div>\n<\/div>\n<div class=\"wp-block-group alignwide\" style=\"margin-top: 0; margin-bottom: 0; padding-top: 100px; padding-bottom: 100px;\">\n<div class=\"wp-block-columns alignwide\">\n<div class=\"wp-block-column is-vertically-aligned-center\">\n<p><\/p>\n<figure class=\"wp-block-image size-full\"><a href=\"https:\/\/mentoroadconsulting.com\/wp-content\/uploads\/2024\/12\/cabinet-de-conseil-rh-conseils-caracteristiques-et-avantages.jpg\" rel=\"attachment wp-att-226\"><img fetchpriority=\"high\" decoding=\"async\" class=\"alignleft wp-image-226 size-full\" src=\"https:\/\/mentoroadconsulting.com\/wp-content\/uploads\/2024\/12\/cabinet-de-conseil-rh-conseils-caracteristiques-et-avantages.jpg\" alt=\"\" width=\"800\" height=\"488\" srcset=\"https:\/\/mentoroadconsulting.com\/wp-content\/uploads\/2024\/12\/cabinet-de-conseil-rh-conseils-caracteristiques-et-avantages.jpg 800w, https:\/\/mentoroadconsulting.com\/wp-content\/uploads\/2024\/12\/cabinet-de-conseil-rh-conseils-caracteristiques-et-avantages-300x183.jpg 300w, https:\/\/mentoroadconsulting.com\/wp-content\/uploads\/2024\/12\/cabinet-de-conseil-rh-conseils-caracteristiques-et-avantages-768x468.jpg 768w\" sizes=\"(max-width: 800px) 100vw, 800px\" \/><\/a><\/figure>\n<p><\/p>\n<\/div>\n<p><\/p>\n<div class=\"wp-block-column is-vertically-aligned-center is-layout-flow wp-container-core-column-is-layout-c50a13ef wp-block-column-is-layout-flow\" style=\"padding-left: 15px;\">\n<p><\/p>\n<h4 class=\"wp-block-heading wp-elements-14f7cc5344747bd0479d06c31a586b40\"><span style=\"color: #1644b8;\">le cabinet<\/span><\/h4>\n<p><\/p>\n<p class=\"wp-elements-0fd747735f16c18690d9426aaae53cac\">Mentoroad Consulting est un cabinet sp\u00e9cialis\u00e9 dans le conseil, l\u2019accompagnement et l\u2019externalisation de la fonction RH, et qui a pour vocation d\u2019accompagner les entreprises dans la gestion quotidienne des ressources humaines en proposant des prestations sur-mesure. Notre cabinet en ressources humaines est aujourd\u2019hui une alternative \u00e0 la gestion de votre Capital Humain. Le domaine des ressources humaines est particuli\u00e8rement consommateur d\u2019\u00e9nergie et de temps pour le chef d\u2019entreprise, par ses t\u00e2ches administratives incontournables et juridiquement obligatoires. Pour vous aider \u00e0 r\u00e9soudre cette probl\u00e9matique, HR Solutions Consulting r\u00e9pond \u00e0 vos besoins en ressources humaines par des services Rh externalis\u00e9s. Notre exp\u00e9rience et notre savoir-faire font de nous la solution Rh id\u00e9ale pour r\u00e9aliser vos missions.<\/p>\n<p>Gestion collective et individuelle, conseils\u2026 nous sommes capables de vous accompagner tout au long de l\u2019ann\u00e9e afin de vous offrir un suivi personnalis\u00e9 adapt\u00e9 aux enjeux et aux besoins de votre entreprise.<\/p>\n<p><\/p>\n<div class=\"wp-block-buttons is-layout-flex wp-block-buttons-is-layout-flex\">\n<p><\/p>\n<div class=\"wp-block-button has-custom-font-size has-inter-font-family\" style=\"font-size: 16px; text-transform: uppercase;\"><span style=\"color: #ffffff;\"><a class=\"wp-block-button__link has-text-color has-background has-link-color wp-element-button\" style=\"border-radius: 0px; color: #ffffff; background-color: #000001; padding: 10px 30px;\" href=\"https:\/\/mentoroadconsulting.com\/?page_id=15\">Contactez nous<\/a><\/span><\/div>\n<p><\/p>\n<\/div>\n<p><\/p>\n<\/div>\n<p><\/p>\n<\/div>\n<p><!-- \/wp:columns --><\/p>\n<\/div>\n<p><!-- \/wp:group --><!-- wp:group {\"align\":\"full\",\"style\":{\"color\":{\"background\":\"#e9e4dc\"},\"spacing\":{\"padding\":{\"top\":\"80px\",\"bottom\":\"80px\"}}},\"layout\":{\"type\":\"constrained\",\"contentSize\":\"1200px\"}} --><\/p>\n<div class=\"wp-block-group alignfull has-background\" style=\"background-color: #e9e4dc; padding-top: 80px; padding-bottom: 80px;\">\n<p><!-- wp:heading {\"textAlign\":\"center\",\"style\":{\"elements\":{\"link\":{\"color\":{\"text\":\"#3a3a3a\"}}},\"typography\":{\"fontSize\":\"30px\",\"fontStyle\":\"normal\",\"fontWeight\":\"500\",\"lineHeight\":\"1.2\"},\"color\":{\"text\":\"#3a3a3a\"}},\"fontFamily\":\"inter\"} --><\/p>\n<h2 class=\"wp-block-heading has-text-align-center has-text-color has-link-color has-inter-font-family\" style=\"color: #3a3a3a; font-size: 30px; font-style: normal; font-weight: 500; line-height: 1.2;\"><span style=\"color: #163694;\">Pourquoi Nous Choisir ?<\/span><\/h2>\n<p><!-- \/wp:heading --><!-- wp:separator {\"style\":{\"color\":{\"background\":\"#3a3a3a\"}}} --><\/p>\n<hr class=\"wp-block-separator has-text-color has-alpha-channel-opacity has-background\" style=\"background-color: #3a3a3a; color: #3a3a3a;\" \/>\n<p><!-- \/wp:separator --><!-- wp:paragraph {\"align\":\"center\",\"style\":{\"elements\":{\"link\":{\"color\":{\"text\":\"#3a3a3a\"}}},\"typography\":{\"fontSize\":\"18px\"},\"color\":{\"text\":\"#3a3a3a\"}},\"fontFamily\":\"lexend\"} --><\/p>\n<p class=\"has-text-align-center has-text-color has-link-color has-lexend-font-family\" style=\"color: #3a3a3a; font-size: 18px;\"><strong>Approche personnalis\u00e9e :<\/strong> Des solutions adapt\u00e9es \u00e0 vos besoins uniques.<\/p>\n<p><!-- \/wp:paragraph --><!-- wp:paragraph {\"align\":\"center\",\"style\":{\"elements\":{\"link\":{\"color\":{\"text\":\"#3a3a3a\"}}},\"typography\":{\"fontSize\":\"18px\"},\"color\":{\"text\":\"#3a3a3a\"}},\"fontFamily\":\"lexend\"} --><\/p>\n<p class=\"has-text-align-center has-text-color has-link-color has-lexend-font-family\" style=\"color: #3a3a3a; font-size: 18px;\"><strong>Impact mesurable :<\/strong> Des r\u00e9sultats concrets pour vos collaborateurs et votre entreprise.<\/p>\n<p><!-- \/wp:paragraph --><!-- wp:paragraph {\"align\":\"center\",\"style\":{\"elements\":{\"link\":{\"color\":{\"text\":\"#3a3a3a\"}}},\"typography\":{\"fontSize\":\"18px\"},\"color\":{\"text\":\"#3a3a3a\"}},\"fontFamily\":\"lexend\"} --><\/p>\n<p class=\"has-text-align-center has-text-color has-link-color has-lexend-font-family\" style=\"color: #3a3a3a; font-size: 18px;\"><strong>Expertise reconnue :<\/strong> Une \u00e9quipe d\u2019experts en RH et en management au service de votre performance.<\/p>\n<p><!-- \/wp:paragraph --><!-- wp:paragraph --><\/p>\n<p><!-- \/wp:paragraph --><!-- wp:paragraph --><\/p>\n<p><!-- \/wp:paragraph --><!-- wp:buttons {\"layout\":{\"type\":\"flex\",\"justifyContent\":\"center\"}} --><\/p>\n<div class=\"wp-block-buttons\">\n<p><!-- wp:button {\"style\":{\"color\":{\"background\":\"#000001\",\"text\":\"#ffffff\"},\"elements\":{\"link\":{\"color\":{\"text\":\"#ffffff\"}}},\"border\":{\"radius\":\"0px\"},\"spacing\":{\"padding\":{\"left\":\"30px\",\"right\":\"30px\",\"top\":\"10px\",\"bottom\":\"10px\"}},\"typography\":{\"fontSize\":\"16px\",\"textTransform\":\"uppercase\"}},\"fontFamily\":\"inter\"} --><\/p>\n<div class=\"wp-block-button has-custom-font-size has-inter-font-family\" style=\"font-size: 16px; text-transform: uppercase;\"><a class=\"wp-block-button__link has-text-color has-background has-link-color wp-element-button\" style=\"border-radius: 0px; color: #ffffff; background-color: #000001; padding: 10px 30px 10px 30px;\" href=\"#\">Contactez nous<\/a><\/div>\n<\/div>\n<\/div>\n<div class=\"wp-block-cover alignfull\" style=\"margin-top: 0px; margin-bottom: 0px; padding-top: 7.01rem; padding-bottom: 7.01rem;\">\n<div class=\"wp-block-cover__inner-container\">\n<div class=\"wp-block-group\">\n<p><!-- \/wp:paragraph --><\/p>\n<\/div>\n<p><!-- \/wp:group --><\/p>\n<\/div>\n<\/div>\n<p><!-- \/wp:cover --><\/p>\t\t\t\t\t\t\t\t<\/div>\n\t\t\t\t<\/div>\n\t\t\t\t\t<\/div>\n\t\t\t\t<\/div>\n\t\t\t\t<\/div>\n\t\t","protected":false},"excerpt":{"rendered":"<p>le cabinet Mentoroad Consulting est un cabinet sp\u00e9cialis\u00e9 dans le conseil, l\u2019accompagnement et l\u2019externalisation de la fonction RH, et qui [&hellip;]<\/p>\n","protected":false},"author":2,"featured_media":0,"parent":0,"menu_order":0,"comment_status":"closed","ping_status":"closed","template":"","meta":{"site-sidebar-layout":"default","site-content-layout":"","ast-site-content-layout":"default","site-content-style":"default","site-sidebar-style":"default","ast-global-header-display":"","ast-banner-title-visibility":"","ast-main-header-display":"","ast-hfb-above-header-display":"","ast-hfb-below-header-display":"","ast-hfb-mobile-header-display":"","site-post-title":"","ast-breadcrumbs-content":"","ast-featured-img":"","footer-sml-layout":"","ast-disable-related-posts":"","theme-transparent-header-meta":"","adv-header-id-meta":"","stick-header-meta":"","header-above-stick-meta":"","header-main-stick-meta":"","header-below-stick-meta":"","astra-migrate-meta-layouts":"default","ast-page-background-enabled":"default","ast-page-background-meta":{"desktop":{"background-color":"var(--ast-global-color-4)","background-image":"","background-repeat":"repeat","background-position":"center center","background-size":"auto","background-attachment":"scroll","background-type":"","background-media":"","overlay-type":"","overlay-color":"","overlay-opacity":"","overlay-gradient":""},"tablet":{"background-color":"","background-image":"","background-repeat":"repeat","background-position":"center center","background-size":"auto","background-attachment":"scroll","background-type":"","background-media":"","overlay-type":"","overlay-color":"","overlay-opacity":"","overlay-gradient":""},"mobile":{"background-color":"","background-image":"","background-repeat":"repeat","background-position":"center center","background-size":"auto","background-attachment":"scroll","background-type":"","background-media":"","overlay-type":"","overlay-color":"","overlay-opacity":"","overlay-gradient":""}},"ast-content-background-meta":{"desktop":{"background-color":"var(--ast-global-color-5)","background-image":"","background-repeat":"repeat","background-position":"center center","background-size":"auto","background-attachment":"scroll","background-type":"","background-media":"","overlay-type":"","overlay-color":"","overlay-opacity":"","overlay-gradient":""},"tablet":{"background-color":"var(--ast-global-color-5)","background-image":"","background-repeat":"repeat","background-position":"center center","background-size":"auto","background-attachment":"scroll","background-type":"","background-media":"","overlay-type":"","overlay-color":"","overlay-opacity":"","overlay-gradient":""},"mobile":{"background-color":"var(--ast-global-color-5)","background-image":"","background-repeat":"repeat","background-position":"center center","background-size":"auto","background-attachment":"scroll","background-type":"","background-media":"","overlay-type":"","overlay-color":"","overlay-opacity":"","overlay-gradient":""}},"slim_seo":{"title":"A propos","description":"\u00a0 \u00a0 Votre Partenaire le cabinet Mentoroad Consulting est un cabinet sp\u00e9cialis\u00e9 dans le conseil, l\u2019accompagnement et l\u2019externalisation de la fonction RH, et qui"},"footnotes":""},"class_list":["post-11","page","type-page","status-publish","hentry"],"rttpg_featured_image_url":null,"rttpg_author":{"display_name":"zakaria maghnaoui","author_link":"https:\/\/mentoroadconsulting.com\/author\/mentoroadconsulting"},"rttpg_comment":0,"rttpg_category":null,"rttpg_excerpt":"le cabinet Mentoroad Consulting est un cabinet sp\u00e9cialis\u00e9 dans le conseil, l\u2019accompagnement et l\u2019externalisation de la fonction RH, et qui [&hellip;]","_links":{"self":[{"href":"https:\/\/mentoroadconsulting.com\/index.php?rest_route=\/wp\/v2\/pages\/11","targetHints":{"allow":["GET"]}}],"collection":[{"href":"https:\/\/mentoroadconsulting.com\/index.php?rest_route=\/wp\/v2\/pages"}],"about":[{"href":"https:\/\/mentoroadconsulting.com\/index.php?rest_route=\/wp\/v2\/types\/page"}],"author":[{"embeddable":true,"href":"https:\/\/mentoroadconsulting.com\/index.php?rest_route=\/wp\/v2\/users\/2"}],"replies":[{"embeddable":true,"href":"https:\/\/mentoroadconsulting.com\/index.php?rest_route=%2Fwp%2Fv2%2Fcomments&post=11"}],"version-history":[{"count":29,"href":"https:\/\/mentoroadconsulting.com\/index.php?rest_route=\/wp\/v2\/pages\/11\/revisions"}],"predecessor-version":[{"id":604,"href":"https:\/\/mentoroadconsulting.com\/index.php?rest_route=\/wp\/v2\/pages\/11\/revisions\/604"}],"wp:attachment":[{"href":"https:\/\/mentoroadconsulting.com\/index.php?rest_route=%2Fwp%2Fv2%2Fmedia&parent=11"}],"curies":[{"name":"wp","href":"https:\/\/api.w.org\/{rel}","templated":true}]}}